{"version":"1.0","provider_name":"Jorge Matesanz","provider_url":"https:\/\/www.jmatesanz.com","author_name":"Jorge Matesanz","author_url":"https:\/\/www.jmatesanz.com\/index.php\/author\/jmatesanz\/","title":"El adi\u00f3s a Pascal Herv\u00e9 - Jorge Matesanz","type":"rich","width":600,"height":338,"html":"<blockquote class=\"wp-embedded-content\" data-secret=\"R7bJdpD4FP\"><a href=\"https:\/\/www.jmatesanz.com\/index.php\/2024\/12\/26\/el-adios-a-pascal-herve\/\">El adi\u00f3s a Pascal Herv\u00e9<\/a><\/blockquote><iframe sandbox=\"allow-scripts\" security=\"restricted\" src=\"https:\/\/www.jmatesanz.com\/index.php\/2024\/12\/26\/el-adios-a-pascal-herve\/embed\/#?secret=R7bJdpD4FP\" width=\"600\" height=\"338\" title=\"\u00abEl adi\u00f3s a Pascal Herv\u00e9\u00bb \u2014 Jorge Matesanz\" data-secret=\"R7bJdpD4FP\" frameborder=\"0\" marginwidth=\"0\" marginheight=\"0\" scrolling=\"no\" class=\"wp-embedded-content\"><\/iframe><script type=\"text\/javascript\">\n\/* <![CDATA[ *\/\n\/*! This file is auto-generated *\/\n!function(d,l){\"use strict\";l.querySelector&&d.addEventListener&&\"undefined\"!=typeof URL&&(d.wp=d.wp||{},d.wp.receiveEmbedMessage||(d.wp.receiveEmbedMessage=function(e){var t=e.data;if((t||t.secret||t.message||t.value)&&!\/[^a-zA-Z0-9]\/.test(t.secret)){for(var s,r,n,a=l.querySelectorAll('iframe[data-secret=\"'+t.secret+'\"]'),o=l.querySelectorAll('blockquote[data-secret=\"'+t.secret+'\"]'),c=new RegExp(\"^https?:$\",\"i\"),i=0;i<o.length;i++)o[i].style.display=\"none\";for(i=0;i<a.length;i++)s=a[i],e.source===s.contentWindow&&(s.removeAttribute(\"style\"),\"height\"===t.message?(1e3<(r=parseInt(t.value,10))?r=1e3:~~r<200&&(r=200),s.height=r):\"link\"===t.message&&(r=new URL(s.getAttribute(\"src\")),n=new URL(t.value),c.test(n.protocol))&&n.host===r.host&&l.activeElement===s&&(d.top.location.href=t.value))}},d.addEventListener(\"message\",d.wp.receiveEmbedMessage,!1),l.addEventListener(\"DOMContentLoaded\",function(){for(var e,t,s=l.querySelectorAll(\"iframe.wp-embedded-content\"),r=0;r<s.length;r++)(t=(e=s[r]).getAttribute(\"data-secret\"))||(t=Math.random().toString(36).substring(2,12),e.src+=\"#?secret=\"+t,e.setAttribute(\"data-secret\",t)),e.contentWindow.postMessage({message:\"ready\",secret:t},\"*\")},!1)))}(window,document);\n\/\/# sourceURL=https:\/\/www.jmatesanz.com\/wp-includes\/js\/wp-embed.min.js\n\/* ]]> *\/\n<\/script>\n","thumbnail_url":"https:\/\/www.jmatesanz.com\/wp-content\/uploads\/2025\/11\/pascal-herve-1.jpg","thumbnail_width":616,"thumbnail_height":411,"description":"Pascal Herv\u00e9 nos deja a los 60 a\u00f1os de edad. Fue una de las pocas noticias que el ciclismo nos ha dado el d\u00eda de Navidad en 2024, aunque bien pod\u00eda habernos dado un d\u00eda de descanso. As\u00ed lo anunciaba Laurent Brochard, compa\u00f1ero de fatigas durante los mejores a\u00f1os del Festina, en Facebook. Tambi\u00e9n Christophe [&hellip;]"}

El adiós a Pascal Hervé - Jorge Matesanz

<blockquote class="wp-embedded-content" data-secret="R7bJdpD4FP"><a href="https://www.jmatesanz.com/index.php/2024/12/26/el-adios-a-pascal-herve/">El adiós a Pascal Hervé</a></blockquote><iframe sandbox="allow-scripts" security="restricted" src="https://www.jmatesanz.com/index.php/2024/12/26/el-adios-a-pascal-herve/embed/#?secret=R7bJdpD4FP" width="600" height="338" title="«El adiós a Pascal Hervé» — Jorge Matesanz" data-secret="R7bJdpD4FP" frameborder="0" marginwidth="0" marginheight="0" scrolling="no" class="wp-embedded-content"></iframe><script type="text/javascript">
/* <![CDATA[ */
/*! This file is auto-generated */
!function(d,l){"use strict";l.querySelector&&d.addEventListener&&"undefined"!=typeof URL&&(d.wp=d.wp||{},d.wp.receiveEmbedMessage||(d.wp.receiveEmbedMessage=function(e){var t=e.data;if((t||t.secret||t.message||t.value)&&!/[^a-zA-Z0-9]/.test(t.secret)){for(var s,r,n,a=l.querySelectorAll('iframe[data-secret="'+t.secret+'"]'),o=l.querySelectorAll('blockquote[data-secret="'+t.secret+'"]'),c=new RegExp("^https?:$","i"),i=0;i<o.length;i++)o[i].style.display="none";for(i=0;i<a.length;i++)s=a[i],e.source===s.contentWindow&&(s.removeAttribute("style"),"height"===t.message?(1e3<(r=parseInt(t.value,10))?r=1e3:~~r<200&&(r=200),s.height=r):"link"===t.message&&(r=new URL(s.getAttribute("src")),n=new URL(t.value),c.test(n.protocol))&&n.host===r.host&&l.activeElement===s&&(d.top.location.href=t.value))}},d.addEventListener("message",d.wp.receiveEmbedMessage,!1),l.addEventListener("DOMContentLoaded",function(){for(var e,t,s=l.querySelectorAll("iframe.wp-embedded-content"),r=0;r<s.length;r++)(t=(e=s[r]).getAttribute("data-secret"))||(t=Math.random().toString(36).substring(2,12),e.src+="#?secret="+t,e.setAttribute("data-secret",t)),e.contentWindow.postMessage({message:"ready",secret:t},"*")},!1)))}(window,document);
//# sourceURL=https://www.jmatesanz.com/wp-includes/js/wp-embed.min.js
/* ]]> */
</script>

Pascal Hervé nos deja a los 60 años de edad. Fue una de las pocas noticias que el ciclismo nos ha dado el día de Navidad en 2024, aunque bien podía habernos dado un día de descanso. Así lo anunciaba Laurent Brochard, compañero de fatigas durante los mejores años del Festina, en Facebook. También Christophe [&hellip;]
